r of b and a?
4
Let l(u) = u**2 - u + 77. Let m be l(0). Let v = 19 - 12. What is the highest common divisor of m and v?
7
Let d be (21/28)/(1/4). Suppose 5 = 4*n - d. What is the greatest common factor of 2 and n?
2
Suppose 0 = 2*o - 3 - 11. Suppose -2*b + 1 = -o. What is the highest common divisor of 6 and b?
2
Let z = -2 + 5. Suppose 0 = n + n - 40. Suppose 0 = y + z*y - n. Calculate the highest common factor of 25 and y.
5
Suppose 12 = 4*j - 4. Suppose -3*c = -l - 3*l - 6, j*c - 4 = 4*l. Let b be 1/(l/(-12)) + 0. Calculate the greatest common divisor of 12 and b.
4
Suppose 0 = -4*i - 83 - 73. Let r = -27 - i. Calculate the greatest common factor of r and 18.
6
Suppose -3*z - z - 8 = 0. Suppose -12 = -4*l - 3*p + 9, 5*l + 3*p - 27 = 0. Let g be z/l + (-553)/(-21). What is the greatest common factor of g and 65?
13
Let d(h) = 19*h - 11. Suppose -7*x - 55 = -12*x. Let p be d(x). What is the greatest common divisor of p and 18?
18
Suppose -2*i - 103 = -2*o + 81, -5 = -5*i. Calculate the highest common factor of o and 62.
31
Let z(m) be the third derivative of m**6/120 - 7*m**5/60 - m**4/3 + 5*m**3/3 - m**2. Let v be z(8). Calculate the highest common divisor of 110 and v.
10
Let j = 29 + -25. Calculate the highest common divisor of j and 10.
2
Suppose -5*d + k + 24 = 0, 3*k = -0 + 3. Let i be -24*((-5)/2)/d. What is the greatest common factor of 18 and i?
6
Let h(m) be the first derivative of -m**2/2 + m + 4. Let d be h(-3). What is the highest common divisor of 32 and d?
4
Suppose -2*r + 4*w = -2, r - 2*w - 4 = -w. Let l = r + -4. Suppose 0 = l*o - 6*o + 90. What is the highest common divisor of o and 10?
10
Let h(n) = 25*n + 50. Let j be h(6). What is the greatest common factor of 20 and j?
20
Let c(j) = j**2 - 5*j + 7. Let g be c(5). Let s = 28 - 0. What is the highest common factor of g and s?
7
Let d(l) = -l**2 - 17*l + 16. Let s be d(-14). Calculate the greatest common factor of s and 87.
29
Suppose b - 6*b + 35 = 0. Suppose 5*c - 44 - 26 = 0. What is the highest common factor of c and b?
7
Let f = -163 + 169. What is the greatest common divisor of f and 66?
6
Let t = 23 + -7. Suppose 2*f = 2*j + 10, -f + 6*j + 5 = 2*j. Suppose -d = 3*k - f, d + k - 11 = -4. Calculate the highest common divisor of t and d.
8
Suppose 21 + 19 = n. What is the greatest common factor of n and 80?
40
Let h(u) = u**2 - 5*u - 8. Let g be h(7). What is the greatest common factor of 2 and g?
2
Let r(x) = -5*x - 1. Let s be r(-2). Suppose -29 - 280 = -3*t. Let a = t - 67. What is the highest common divisor of a and s?
9
Let m(d) = d**3 - 9*d**2 - 9*d - 6. Let n be m(10). Suppose -1 - n = -v. What is the greatest common factor of v and 20?
5
Suppose -5*o - g + 20 = 0, -o - 7 = -g - g. What is the greatest common factor of 2 and o?
1
Suppose 7*t + 45 = 2*t. Let z = t - -45. Calculate the greatest common divisor of 9 and z.
9
Let v = -101 + -37. Let c be -3 + 2 + v + -1. Let l be (-4)/18 + c/(-63). Calculate the highest common divisor of 10 and l.
2
Let z(t) = -2*t. Let s be z(-1). Suppose -6*b + b - 2*y = -91, 4*b - 80 = 2*y. Let u = b - s. What is the highest common divisor of 153 and u?
17
Suppose 0 = 2*u - 4*j - 30, 4*u - 2*u - 32 = 5*j. Calculate the highest common factor of u and 1.
1
Let c = 440 + -131. Suppose 0 = 5*x - c - 251. Calculate the highest common factor of x and 16.
16
Suppose -2*y + 0*y + 60 = 0. Suppose v - 1 - 5 = 0. Calculate the highest common factor of v and y.
6
Let c(t) = 2*t**2 + 9*t + 10. Let l be c(-5). Calculate the greatest common factor of 6 and l.
3
Let w = -33 - -53. Calculate the highest common divisor of 20 and w.
20
Let t = 3 + -1. Suppose t*z + 8 = 0, 2*b - 2*z = -0*b + 34. Suppose 4*o - b = 23. What is the greatest common divisor of o and 1?
1
Let o(v) = -34*v - 1. Let h be o(-1). Suppose h = q + d, 2 = -2*d + 8. What is the highest common divisor of q and 75?
15
Let n(c) = -c**2 + c + 56. Let i be n(0). Suppose -2*q - z = -i, -2*q + 4*z + 10 = -q. Let y = q - 10. Calculate the greatest common divisor of y and 128.
16
Suppose -5*x = 5*g - 35, -3*x + g = -0*g - 9. What is the highest common factor of x and 28?
4
Let o(q) = q**3 - 6*q**2 - 6*q. Suppose d = 2*v + 2, -v + 0*v = 5*d - 43. Let x be o(d). Calculate the greatest common divisor of x and 16.
16
Let g(b) = -9*b - 3. Let n be g(-2). Suppose 3*h = -3*a, -3*h + 2*h = -4*a + n. Let t = h - -5. Calculate the greatest common divisor of t and 22.
2
Let x = 70 - 48. Let o = 5 + x. What is the greatest common divisor of 27 and o?
27
Suppose 3*y - 5*h = 47, -2*h - 6 + 16 = 0. Calculate the highest common divisor of 96 and y.
24
Let k be 156/6 - (1 + -3). Calculate the highest common factor of 308 and k.
28
Let c be (-9)/(-18) - (-2)/4. Let b be 1 - 1/((-3)/9). Suppose 4 - 16 = -b*i. Calculate the highest common factor of c and i.
1
Let k = -13 - -36. Suppose 3*p - 6 = 5*x, 3*p + 3*x - 4 = 2. Suppose -2*r + 585 = 3*r + 2*d, -p*d + 240 = 2*r. Calculate the greatest common divisor of r and k.
23
Let x(i) = -2*i + 1. Let w be x(-1). Suppose 5*l = w*t + 2*t + 15, -5*t = 5. What is the greatest common divisor of l and 4?
2
Let p be 169 + ((-2)/3)/((-12)/18). Calculate the highest common divisor of 34 and p.
34
Let w(v) = v**3 - 7*v**2 + 6*v + 6. Let a be w(7). Calculate the highest common factor of 120 and a.
24
Suppose 2*j + 3*j = 30. Suppose -4*s = -j*s. Let u = 1 + s. What is the highest common factor of u and 4?
1
Let o = 21 + 6. Suppose -4*k + 12 = -4. Suppose -42 = -5*l + k*w + 28, 3*w = -4*l + 87. Calculate the highest common factor of l and o.
9
Let o = -124 + 229. What is the highest common divisor of o and 21?
21
Suppose 3*g = -12, 7*v - 2*v = -3*g + 43. Let l = -4 + 6. Suppose -k - 304 = -5*k + 2*w, l*k + 5*w - 164 = 0. Calculate the greatest common factor of v and k.
11
Suppose r + 1 = 2*r. Let z = r + -4. Let x be ((-2)/z)/((-2)/(-9)). Calculate the highest common factor of 9 and x.
3
Let b = 11 - 15. Let c = 4 + b. Suppose c = 5*q - 87 - 18. What is the highest common divisor of 7 and q?
7
Let l(q) = 4*q - 2. Let k be (-6)/(-9) + 24/18. Let z be l(k). What is the highest common factor of z and 2?
2
Suppose -t + 12 = -0*t. What is the highest common factor of 12 and t?
12
Let u(s) = -1 - 4*s - 12 + 1. Let g be u(-12). Calculate the greatest common factor of 24 and g.
12
Suppose -2*r = -4*r + 6. Let p = r + -1. Suppose -p*k - k = -432. Calculate the greatest common factor of 16 and k.
16
Let f(v) = -v**3 - 4*v**2 - 6*v - 1. Let m be f(-4). Calculate the highest common factor of 46 and m.
23
Let c be 8/(-6)*3/(-2). Suppose -5*z = c*j - 492, -420 = -4*z - 0*z + 5*j. Calculate the greatest common factor of z and 10.
10
Suppose -3*k + 0*k + 3*h - 3 = 0, 4*k - 3 = -3*h. Suppose k = 2*x + 2*x + 28. Let p be (-3)/7*4*x. Calculate the highest common divisor of p and 60.
12
Suppose v + 72 = 4*r - v, -3*v + 52 = 2*r. Suppose -79 = -3*w + r. Let q be (-356)/(-22) - 6/w. What is the highest common divisor of q and 40?
8
Let b(o) = -o + 20. Let d be b(18). What is the greatest common factor of 2 and d?
2
Let q = -16 + 26. Let a(i) = -i**3 + 12*i**2 + 1. Let u be a(12). Let c be 310/5 - (u + 1). What is the greatest common divisor of q and c?
10
Let g = -282 - -417. Calculate the greatest common divisor of 54 and g.
27
Let y(x) = -x**3 - 4*x**2 + 4*x + 4. Suppose -4*f - 10 = 5*z, -z - 18 = -0*f + 4*f. Let g be y(f). What is the highest common factor of g and 72?
9
Suppose -53 = -4*v - q, -8*v + q = -4*v - 43. Let b = -25 + 55. Calculate the highest common factor of v and b.
6
Let p = -81 - -135. Calculate the greatest common divisor of 135 and p.
27
Suppose k - 46 = 26. Calculate the greatest common divisor of k and 8.
8
Suppose 6 = q + 2*q. Suppose 45 = q*w + 3*w. What is the highest common factor of 63 and w?
9
Suppose -4*r - q - 2 = -6*q, 4*q = -5*r + 18. Let h be r/1 - 13*-4. Let g be (-108)/4*2/(-3). What is the highest common factor of h and g?
18
Let g = 12 + -6. Calculate the highest common divisor of g and 4.
2
Let r(q) be the third derivative of q**4/12 + q**3/2 + 3*q**2. Let m be r(-8). Let n = 22 + m. Calculate the greatest common factor of n and 63.
9
Suppose -h - 11 = -n, 14 = -3*n + 4*n - 2*h. What is the greatest common divisor of n and 64?
8
Let r be (-3 - 0)/(7/(-7))